 3 + 755 + (4 - 12). Let z = 746 - y. Let r(d) = -3*d - 5. Give r(z).
7
Let v(i) be the third derivative of i**4/24 - 7*i**3/6 - 2572*i**2. Calculate v(-20).
-27
Let y = 265 + -253. Let f(z) = -2*z + 10. Give f(y).
-14
Let v(a) = a**3 + 4*a**2 - 7*a - 9. Let h be -2 - ((-77)/(-28) + -2 + (-25)/(-20)). Give v(h).
19
Suppose 17*z = 22*z + y - 32, 2*z + 5*y - 22 = 0. Suppose -z*w + 21 + 27 = 0. Let j(b) = -b**3 + 7*b**2 + 10*b - 2. Determine j(w).
14
Let z(m) be the first derivative of 23*m**2/2 + 10*m - 4896. Determine z(-3).
-59
Let i(h) = 8*h**2 + 37*h - 28. Let r(o) = -59*o**2 - 262*o + 195. Let b(k) = -15*i(k) - 2*r(k). Determine b(-16).
14
Let g(b) = 29*b**3 + 11*b**2 - 29*b + 7. Let y(z) = -101*z**3 - 32*z**2 + 87*z - 21. Let j(h) = -7*g(h) - 2*y(h). Determine j(-15).
8
Let d(v) be the first derivative of -9*v - 1/2*v**2 - 73. Give d(0).
-9
Let p(w) = -19 - 8990*w + 26928*w - 8987*w - 8973*w. Calculate p(-2).
25
Suppose 0 = 4*v - 5*f + 210, -3*v - 4*f + 157 = -6*v. Let i = v + 47. Let d(t) = -3*t + 2*t**2 + 13*t - t**2 + 9. Calculate d(i).
-7
Let z(c) = 2*c + 1. Let p(y) = -y**2 + 9*y + 8. Let q be p(13). Let t = q + 47. Let u be ((-1)/t)/(1/3). Determine z(u).
-1
Let m(g) = -g + 4. Let x(w) = 2*w + 32. Let j(p) = p**3 - 7*p**2 - 8*p - 6. Let r be j(8). Let n be (39/6)/((-3)/r*-1). Let f be x(n). Give m(f).
-2
Suppose 29*a - 48 = 41*a. Let i(v) = 2*v**2 + 11*v + 3. Let d(n) = -5 + 2*n + 2*n**2 + 7 + 8*n. Let s(p) = 6*d(p) - 5*i(p). Give s(a).
9
Let y(q) = -q**2 + 22*q - 35. Let k be 94/5 - (17 + 86/(-5)). Determine y(k).
22
Let c(w) be the second derivative of -w**3/2 + 31*w**2/2 - w. Let o(h) = 5*h**3 - 22*h**2 - 89*h - 1. Let n be o(7). Give c(n).
-8
Let o(c) = -c - 85. Let l(w) = -2*w + 29. Let q(g) = 7*l(g) + 2*o(g). Calculate q(4).
-31
Suppose 0 = 2*f - 3*n - 21, 5*n + 51 = -182*f + 188*f. Let k(t) be the third derivative of t**5/60 - t**4/3 + 4*t**3/3 + 2*t**2. What is k(f)?
-4
Let c(d) = -d**3 + 15*d**2 - 15*d + 13. Let w be (-1)/4*-14*64/112. Suppose -5*n + 3*q - 18 = -100, -w*n + 48 = -5*q. Give c(n).
-1
Let v(i) = i**3 - 7*i**2 - i + 3. Let o be (-5)/(4/(-7 - 13)). Let p(x) = 2*x - 43. Let u be p(o). Determine v(u).
-4
Let p(w) = 2*w - w**3 + 10 - 2*w - 5*w**2 - 7. Suppose -13*m = -5*t - 11*m - 30, -t + 16 = 4*m. Give p(t).
-13
Let m(w) = -7*w**2. Suppose 40 = 2*f + 4*i, 0*i = -4*f - 5*i + 74. Let o = -166 + 152. Let l be (o + f)*(-1)/2. Give m(l).
-7
Suppose -8*q + 90 = -17*q. Let u = q + -5. Let m(c) = c + 11. Let o be m(u). Let x(n) = n**2 + 4*n + 6. Give x(o).
6
Let d(n) = 27*n**3 - 22*n**2 - 25*n - 2. Let m be d(-1). Let v(a) = -14*a**2 - 363*a + 31. Determine v(m).
5
Let p(r) = 9*r. Let g be (6/(-8))/(9/(-48)). Suppose 2*n - g*n + 13 = -3*f, f - 1 = -2*n. Let m be 35/(-70) + ((-9)/2)/f. What is p(m)?
9
Let l(z) = -z**3 + 4*z**2 + 4*z - 10. Suppose 0 = -216*u + 865 - 1. Calculate l(u).
6
Let f(s) = 8*s + 101. Let h(m) = 25. Let n(a) = f(a) - 4*h(a). Give n(1).
9
Let b be (-158)/6*-3 - 1. Suppose 28 + b = 2*s. Let u(x) = 109*x + 1 - 51*x - s*x. Determine u(1).
6
Let h(n) = -n**2 + 2*n + 18. Let a(t) = -3*t**2 + 12*t - 3. Suppose -26 = -3*k - 17. Let f be a(k). What is h(f)?
-6
Let f(a) = 6*a**2 - 3*a - 5. Let b(s) = -8*s**2 + 4*s + 4. Let r(v) = -2*b(v) - 3*f(v). Let j be r(3). Let q(h) = h**2 + 10*h - 6. Determine q(j).
-22
Let w = 8613 - 8616. Let a(c) = 11*c + 18. Give a(w).
-15
Let d be (-27)/162 + 110/12. Let m(x) = x**3 + 10*x**2 - x**2 - d + 3*x - 12*x + 0*x**2. Give m(-10).
-19
Suppose 7*r + 18 - 53 = 0. Let w(f) = 37*f - 70*f + r*f**2 + 37*f - f**3. What is w(5)?
20
Suppose 0 = 4*t - 5*a - 26, 1707*t = 1709*t + 3*a - 46. Let h(l) = 26*l - 377. Give h(t).
-13
Let b(s) = s**3 - 7*s**2 - s + 4. Suppose -79*k + 80*k = 112. Let z be (14/k)/(6/144). Determine b(z).
-35
Let x(j) = 32*j**2 + 3*j + 2. Let p be 28/(-56) + 1*(-2)/4. Give x(p).
31
Let h be (-6)/(-15) + 136/85. Let o(b) = -10*b**2 - 6*b - 7*b**2 + 16*b**h - 3. Determine o(-6).
-3
Let r(x) = -x**3 - 21*x**2 - 18*x - 4. Suppose -980 = -912*b + 961*b. Determine r(b).
-44
Let j be (-3)/(-1*2/6). Let b(m) = -8*m + 479*m**2 - 237*m**2 - 241*m**2 + 1 - 4*m. Calculate b(j).
-26
Let f(s) = -s**2 - 7*s - 6. Let h be f(-6). Let r be (-5 - 25)/(-1 - 39/(-45)). Let w(b) = -r + 224 + 4*b - 5*b. What is w(h)?
-1
Let d(b) = b**3 + 2*b**2 - b - 1. Let y be (-20)/(-8)*(302/10 - 1). Let u = -70 + y. Let s = -4 + u. Give d(s).
1
Let w = -891 + 919. Suppose 12*o = w - 28. Let h(n) = n + 17. Calculate h(o).
17
Let h be (92/(-8))/(-23)*2*10. Let l(u) = 7*u - 62. Let a be l(h). Let z(n) = n**3 - 8*n**2 - n + 11. Calculate z(a).
3
Let c(d) be the third derivative of d**5/60 + 7*d**4/24 - 9*d**3/2 - 9964*d**2. Determine c(-14).
71
Let v(i) = -i**3 + 9*i**2 - 33*i - 3. Let c(s) = s**2 - 10*s - 1. Let p(f) = -3*c(f) + v(f). Suppose 2*o + 0 = 8. Give p(o).
20
Let p(u) be the third derivative of -u**6/60 - u**5/15 - u**4/12 - 50*u**2 + 3*u. Give p(-4).
72
Suppose 0*q - q = -5. Let f(u) = -25*u - 17. Let s(d) = 23*d + 18. Let n(c) = 5*f(c) + 6*s(c). Let b(k) = -5*k - 8. Let r(i) = 8*b(i) + 3*n(i). What is r(q)?
0
Let q(y) = -3*y**2 + 2*y - 1. Let n(h) = -h**3 - 4*h**2 - 4*h - 8. Let i(p) = -n(p) + q(p). Give i(-4).
-65
Suppose n + n - 2 = 0. Let t = -6 + n. Let w(z) = -43*z**2 - 37*z**2 + 75*z**2 - 4 - z**3. Calculate w(t).
-4
Let u(f) = -41 + 8599*f**3 - 17199*f**3 + 5*f - 17*f**2 + 12*f + 8599*f**3. Calculate u(-18).
-23
Let p(n) = n**3 - 7*n**2 + 6*n + 3. Suppose 8 = -37*s + 41*s. Suppose -s*c + 27 = 5*u, 3*c + u = 1 + 20. Calculate p(c).
3
Let s(h) be the first derivative of 5/3*h**3 + 34 - 1/2*h**2 + h. Calculate s(1).
5
Suppose 5*y - 23 = 2*p, -4 = 2*y - 4*p - 26. Let k be (-17)/(-2) - y/6. Suppose -3*s = -k*s + 15. Let u(w) = w**3 - 5*w**2 + 4*w + 1. Give u(s).
-5
Let w(n) be the first derivative of n**2/2 - 5*n + 11. Suppose -5*z + 8 = -g, 3*g + 33 - 9 = -5*z. Give w(g).
-13
Let a(d) = d**2 + 9*d + 1. Let s(j) = -j**2 - 8*j - 2. Let n(r) = 3*a(r) + 2*s(r). Let m(z) = -1805*z - 12643. Let f be m(-7). What is n(f)?
-25
Let d(n) be the second derivative of n**5/20 - n**4/2 - n**3/2 + 4*n**2 + n - 1029. Give d(6).
-10
Let r(b) = b**3 - 4*b**2 + b + 4. Let w be 72/27*-1*(-6)/4. Let g be (w + 10 + 1)*5. Suppose 5*v + 60 = g. What is r(v)?
-2
Let h(q) = -q**3 + 4*q**2 - q + 1. Let f(p) = 3*p**3 - 8*p**2 + 5*p - 3. Let n(t) = -2*f(t) - 5*h(t). Determine n(-5).
51
Let j(p) be the third derivative of -p**5/60 - p**4/3 - 4*p**3/3 + 3*p**2 - 2*p + 47. Suppose 0 = 4*w + 3 + 21. Determine j(w).
4
Let m(a) be the second derivative of -a**3/3 + a**2/2 + 2230*a. Calculate m(20).
-39
Let k(h) = -20*h - 125 + 13*h + 219 + 17*h. Determine k(-9).
4
Suppose -21*x + 126 = -2*x + 2*x. Let r(p) be the first derivative of -p**2/2 + 7*p + 3. Give r(x).
1
Suppose -3*w = -4*t - 2 - 13, -5*w - 5*t + 25 = 0. Suppose 5*n + 2 - 25 = -3*l, 0 = -w*n + 5. Let j(o) = o**3 - 7*o**2 + 5*o - 1. Determine j(l).
-7
Let y = 16 + -37. Let z = 27 + y. Let x(r) = 6*r + 7. Let d(p) = 5*p + 6. Let b(v) = 5*d(v) - 4*x(v). Give b(z).
8
Suppose -4*n = 18*n - 924. Let z(y) = 3*y - 138. What is z(n)?
-12
Let r(z) be the first derivative of z**4/2 - 50*z**3/3 - z**2 + 37*z - 3256. Determine r(25).
-13
Let q(i) = -221 - 191 + 410 - 2*i. Suppose -2*z + 0*z + 2 = 0. Suppose -z = r + 1. Determine q(r).
2
Let o(f) = -4 - 27 + 2 + 5 - 11 + 4*f. Determine o(11).
9
Let s(o) be the second derivative of -5*o**4/12 + 23*o**3/6 + 11*o**2/2 + 286*o - 5. Give s(5).
1
Let a = 6 + -4. Suppose 5*z = -3*v + 621, 2*v = 4*z - 331 - 157. Let x(f) = 124*f - 2 - f**3 - z*f + 1 + 10*f**a - 2. Calculate x(10).
7
Let b(y) = y**2 + y + 1. Let h = -172 - -181. Suppose -28*a = -25*a - h. Give b(a).
13
Let h(v) = -12*v**2 - 52*v + 142. Let f(a) = -2*a**2 - 2*a - 1. Let z(p) = 5*f(p) - h(p). Give z(-24).
-3
Let g be (-1)/(-4 + 2 + 1). Let d be (-27)/(-18)*g/((-9)/(-6)). Let h(q) = -18*q**3 - q**2 - q + 1. What is h(d)?
-19
Suppose 63 = p + 14*p - 12. Let m(t) = t**3 - 7*t**2 + 10*t - 1. Determine m(p).
-1
Let p(d) = 2*d**2 - 12*d - 14. Let c be p(9). Suppose -c = 11*j - j. Let a(x) = x**2 + 2*x + 3. Calculate a(j).
11
Let h(n) be the second derivative of 23*n**3/3 - 2*n**2 - 604*n. Give h(1).
42
Suppose 0 = -2*p - 2*p - 16. Let f(b) be the first derivative of b**3